{"id":13,"date":"2010-01-17T10:25:10","date_gmt":"2010-01-17T10:25:10","guid":{"rendered":"http:\/\/www.phuturama.de\/?page_id=13"},"modified":"2012-03-18T16:59:42","modified_gmt":"2012-03-18T16:59:42","slug":"contact","status":"publish","type":"page","link":"http:\/\/www.phuturama.de\/?page_id=13","title":{"rendered":"KONTAKT"},"content":{"rendered":"<p>Bei weitergehendem Interesse, Anregungen, Anfragen die sich aus den hier behandelten Themen ergeben, freue ich mich auf eure E-Mail.<br \/>\n<em>If you are interested in or do you feel inspired by the particular PHUTURAMA range of topics, please don&#8217;t hesitate to get in contact with me by e-mail.<\/em><br \/>\n<a href=\"mailto:info@phuturama.de\">info@phuturama.de<\/a><\/p>\n<p>Neuigkeiten, pers\u00f6nliche Ansichten und weitergehende Links auch zu spekulativem, fiktionalem und futuristischen Design gibt es \u00fcber meinen pers\u00f6nlichen deutschsprachigen Twitter-Account:<br \/>\n<a title=\"gregorsedlag@twitter.com\" href=\"http:\/\/www.twitter.com\/gregorsedlag\" target=\"_blank\">@gregorsedlag<\/a><\/p>\n<p><em>Latest news, updates of this particular blog and further links to other resources on speculative, fictitious or futuristic art and design or other associated areas of interest can be retrieved via my English language-only subset Twitter feed:<\/em><br \/>\n<a title=\"PHUTURAMA@twitter.com\" href=\"http:\/\/www.twitter.com\/PHUTURAMA\" target=\"_blank\">@PHUTURAMA<\/a><\/p>\n","protected":false},"excerpt":{"rendered":"<p>Bei weitergehendem Interesse, Anregungen, Anfragen die sich aus den hier behandelten Themen ergeben, freue ich mich auf eure E-Mail. If you are interested in or do you feel inspired by the particular PHUTURAMA range of topics, please don&#8217;t hesitate to get in contact with me by e-mail. info@phuturama.de Neuigkeiten, pers\u00f6nliche Ansichten und weitergehende Links auch [&hellip;]<\/p>\n","protected":false},"author":1,"featured_media":0,"parent":0,"menu_order":4,"comment_status":"closed","ping_status":"open","template":"","meta":[],"_links":{"self":[{"href":"http:\/\/www.phuturama.de\/index.php?rest_route=\/wp\/v2\/pages\/13"}],"collection":[{"href":"http:\/\/www.phuturama.de\/index.php?rest_route=\/wp\/v2\/pages"}],"about":[{"href":"http:\/\/www.phuturama.de\/index.php?rest_route=\/wp\/v2\/types\/page"}],"author":[{"embeddable":true,"href":"http:\/\/www.phuturama.de\/index.php?rest_route=\/wp\/v2\/users\/1"}],"replies":[{"embeddable":true,"href":"http:\/\/www.phuturama.de\/index.php?rest_route=%2Fwp%2Fv2%2Fcomments&post=13"}],"version-history":[{"count":35,"href":"http:\/\/www.phuturama.de\/index.php?rest_route=\/wp\/v2\/pages\/13\/revisions"}],"predecessor-version":[{"id":2060,"href":"http:\/\/www.phuturama.de\/index.php?rest_route=\/wp\/v2\/pages\/13\/revisions\/2060"}],"wp:attachment":[{"href":"http:\/\/www.phuturama.de\/index.php?rest_route=%2Fwp%2Fv2%2Fmedia&parent=13"}],"curies":[{"name":"wp","href":"https:\/\/api.w.org\/{rel}","templated":true}]}}